ivide 5517771?
True
Is 487405620 a multiple of 15?
True
Is 94 a factor of 828111435?
False
Is 97 a factor of 179248056?
False
Is 32021710 a multiple of 170?
True
Is 35640334 a multiple of 314?
False
Is 262200827 a multiple of 92?
False
Is 169614882 a multiple of 1899?
True
Is 220517928 a multiple of 4366?
True
Is 179 a factor of 742531917?
True
Is 562 a factor of 266160304?
False
Does 78 divide 105752012?
False
Does 180 divide 30238835?
False
Is 33244761 a multiple of 11?
True
Is 127078220 a multiple of 9?
False
Is 134 a factor of 1547201612?
False
Is 167108300 a multiple of 25?
True
Is 71 a factor of 140637709?
False
Does 1582 divide 4372132268?
True
Is 51108069 a multiple of 17?
True
Is 12102156 a multiple of 44?
True
Is 62 a factor of 229117652?
True
Is 5799159 a multiple of 153?
True
Is 23 a factor of 140785484?
True
Is 4104 a factor of 1004396544?
True
Does 294 divide 726000366?
True
Is 110925070 a multiple of 695?
False
Does 4 divide 393709?
False
Is 6231672 a multiple of 164?
True
Does 112 divide 961975728?
True
Is 410536658 even?
True
Is 36442332 a multiple of 1283?
True
Is 1337 a factor of 222793519?
False
Does 720 divide 1535996516?
False
Is 757323225 a multiple of 127?
True
Is 97900453 a multiple of 2191?
True
Is 1425 a factor of 652128144?
False
Does 1368 divide 41958142?
False
Is 3 a factor of 125976972?
True
Is 2018 a factor of 252835347?
False
Is 1907248554 a multiple of 3298?
False
Does 6 divide 180885396?
True
Is 50080793 a multiple of 1003?
True
Is 1035 a factor of 636469232?
False
Is 3365984505 a multiple of 2587?
True
Does 602 divide 284843668?
False
Is 18782140 a multiple of 1222?
True
Does 8 divide 72876704?
True
Does 28 divide 25654692?
True
Does 84 divide 4847521812?
True
Is 54 a factor of 232142544?
True
Does 6 divide 124701558?
True
Does 170 divide 240937770?
True
Is 16 a factor of 69842896?
True
Is 14548548 a multiple of 479?
False
Is 156 a factor of 45447394?
False
Is 100028815 a multiple of 16?
False
Is 115388994 a multiple of 281?
False
Is 17 a factor of 36434951?
False
Does 433 divide 49806801?
False
Is 43 a factor of 623103368?
True
Is 354872014 a multiple of 2989?
True
Is 13 a factor of 24095526?
True
Is 11 a factor of 33660561?
True
Does 131 divide 221438994?
True
Is 9 a factor of 167347179?
True
Is 6 a factor of 1179990840?
True
Is 23730064 a multiple of 2190?
False
Does 279 divide 581282550?
True
Is 9 a factor of 735902796?
False
Does 15 divide 1791128850?
True
Is 25 a factor of 4215643343?
False
Is 11414323 a multiple of 95?
False
Is 781007918 a multiple of 93?
False
Is 331 a factor of 4653860?
True
Is 3 a factor of 103765193?
False
Does 41 divide 73464824?
False
Is 480240941 a multiple of 13?
False
Does 4946 divide 1886655054?
False
Is 94 a factor of 32701284?
True
Is 3038 a factor of 24844764?
True
Does 13 divide 68308708?
True
Does 32 divide 33627590?
False
Is 2927790684 a multiple of 364?
True
Is 604 a factor of 33860898?
False
Is 75 a factor of 1713413925?
True
Is 45 a factor of 39326241?
False
Is 173014912 a multiple of 128?
True
Is 4 a factor of 108128088?
True
Does 661 divide 1970106534?
True
Is 5984292 a multiple of 12?
True
Is 495487184 a multiple of 16?
True
Is 4 a factor of 39953437?
False
Is 28 a factor of 283791620?
True
Is 495742014 a multiple of 5?
False
Is 1442 a factor of 2006267764?
False
Does 17 divide 96921528?
False
Does 15 divide 7916025?
True
Is 169074008 a multiple of 466?
False
Is 279235235 a multiple of 58?
False
Is 5451159 a multiple of 2?
False
Is 1203 a factor of 3127800?
True
Is 17494500 a multiple of 169?
False
Does 16 divide 63742608?
True
Is 871085756 a multiple of 2876?
True
Is 28 a factor of 11958809?
False
Is 42 a factor of 183364356?
True
Does 861 divide 5414029992?
True
Is 99740253 a multiple of 3060?
False
Does 5 divide 42792791?
False
Is 57809780 a multiple of 2954?
True
Is 226273888 a multiple of 16?
True
Does 89 divide 107800349?
False
Does 72 divide 95470344?
True
Does 589 divide 192674689?
False
Is 819283321 a multiple of 1045?
False
Is 268555372 a multiple of 230?
False
Is 84 a factor of 11487243?
False
Does 615 divide 823398285?
True
Does 1190 divide 214956243?
False
Does 1149 divide 15490818?
True
Is 191 a factor of 328618826?
False
Does 50 divide 52987100?
True
Is 4347 a factor of 1204123926?
False
Does 362 divide 220902302?
False
Is 1273 a factor of 127553327?
True
Is 3203402098 a multiple of 26?
True
Is 9080592 a multiple of 48?
True
Does 72 divide 95999393?
False
Does 71 divide 5898323?
False
Is 19 a factor of 407035955?
True
Is 61939344 a multiple of 176?
False
Does 36 divide 679458060?
True
Is 352256049 a multiple of 2901?
False
Does 272 divide 1770806768?
True
Is 163223268 a multiple of 586?
True
Does 2071 divide 70958823?
False
Is 6535 a factor of 2269465570?
False
Does 88 divide 185875823?
False
Is 47 a factor of 1253602612?
True
Is 21796349 a multiple of 38?
False
Does 119 divide 37814056?
False
Does 301 divide 190299424?
True
Does 4345 divide 41824831?
False
Is 12 a factor of 67351540?
False
Is 164063625 a multiple of 5?
True
Is 160463597 a multiple of 491?
False
Does 4 divide 679919792?
True
Is 4763238 a multiple of 6?
True
Is 231638312 a multiple of 670?
False
Does 1102 divide 5792757?
False
Is 191522850 a multiple of 1139?
True
Does 6 divide 8708400?
True
Is 50400656 a multiple of 1096?
True
Is 2256 a factor of 780422592?
True
Does 4385 divide 50532063?
False
Is 10814586 a multiple of 502?
True
Does 1893 divide 1450098576?
True
Is 160392192 a multiple of 256?
True
Is 20 a factor of 45147625?
False
Is 130451700 a multiple of 12?
True
Is 357044742 a multiple of 18?
True
Is 38 a factor of 122626076?
True
Is 17 a factor of 617718134?
False
Does 5 divide 14535805?
True
Does 52 divide 17070404?
True
Is 3 a factor of 5218947?
True
Is 478748004 a multiple of 297?
False
Is 1588875912 a multiple of 486?
True
Is 521646502 a multiple of 1586?
True
Does 162 divide 6795451?
False
Is 172292572 a multiple of 74?
True
Does 53 divide 25266075?
False
Does 17 divide 1444759076?
True
Is 133322905 a multiple of 19?
True
Is 25 a factor of 680693600?
True
Does 654 divide 9022584?
True
Is 28 a factor of 1950841004?
True
Does 79 divide 471797432?
False
Is 94141000 a multiple of 10?
True
Is 194 a factor of 39972342?
True
Is 287255213 a multiple of 11?
False
Is 1842431054 a multiple of 23?
True
Does 28 divide 11030796?
True
Does 841 divide 241706709?
False
Is 681840808 a multiple of 638?
True
Is 2 a factor of 1412762?
True
Is 109 a factor of 517353855?
False
Is 108 a factor of 688301887?
False
Is 2823120 a multiple of 30?
True
Is 309 a factor of 10388889?
True
Is 1576 a factor of 107548976?
False
Is 6974376 a multiple of 424?
True
Is 14 a factor of 30890123?
False
Is 19165509 a multiple of 11?
True
Does 529 divide 632926677?
False
Does 1485 divide 75564166?
False
Does 401 divide 258813998?
False
Does 3924 divide 460886626?
False
Does 125 divide 532055250?
True
Does 28 divide 7051744?
True
Is 1896711784 a multiple of 1672?
True
Does 2 divide 67283536?
True
Is 235 a factor of 14527230?
True
Does 112 divide 50772960?
True
Is 73 a factor of 11131040?
True
Is 19871717 a multiple of 608?
False
Is 15 a factor of 121236392?
False
Does 1005 divide 167987760?
True
Does 3631 divide 1854161866?
False
Is 16 a factor of 25783936?
True
Is 15 a factor of 140768475?
True
Is 40375672 a multiple of 92?
True
Is 29 a factor of 4690663?
True
Is 33151144 a multiple of 26?
True
Is 9 a factor of 4569824?
False
Is 54922217 a multiple of 7?
True
Does 3 divide 1004050323?
True
Is 13 a factor of 140168762?
False
Is 11 a factor of 88468556?
True
Is 66871750 a multiple of 2?
True
Is 4 a factor of 325681765?
False
Is 46233460 a multiple of 19?
True
Is 3722 a factor of 4476859881?
False
Is 6785793 a multiple of 187?
False
Is 6269 a factor of 770522790?
True
Is 530 a factor of 269801800?
True
Does 64 divide 120684757?
False
Is 238 a factor of 130065096?
True
Is 1405962374 a multiple of 6545?
False
Does 162 divide 210739644?
True
Is 2405918066 a multiple of 562?
True
Is 12482385 a multiple of 57?
False
Is 349176278 a multiple of 8074?
True
Does 40 divide 62876903?
False
Is 231 a factor of 11124960?
True
Is 191182320 a multiple of 60?
True
Is 200 a factor of 88878468?
False
Does 2396 divide 107465392?
Tr